5?
-9b
Convert 20244 (base 6) to base 7.
10564
967 (base 11) to base 4
102022
Convert 538 (base 12) to base 9.
1038
What is 1254 (base 6) in base 12?
22a
Convert 2101011 (base 3) to base 9.
2334
What is -36503 (base 11) in base 16?
-cd25
What is -8 (base 14) in base 8?
-10
What is 1000111000 (base 2) in base 11?
477
Convert 204 (base 10) to base 11.
176
Convert -31441 (base 5) to base 15.
-966
What is 3636 (base 7) in base 3?
1212000
-1211 (base 8) to base 13
-3ac
581c (base 13) to base 5
343422
-12152 (base 7) to base 2
-110001100101
-2011021 (base 3) to base 14
-805
-332 (base 6) to base 16
-80
Convert 42500 (base 7) to base 10.
10535
-7f9 (base 16) to base 13
-c10
-304 (base 13) to base 14
-287
-4142 (base 9) to base 2
-101111011011
Convert 6937 (base 10) to base 11.
5237
Convert -436a (base 13) to base 5.
-300013
-684 (base 10) to base 6
-3100
1221310 (base 4) to base 7
25513
-21892 (base 11) to base 9
-47412
Convert -102302 (base 4) to base 5.
-14302
What is -110111001000 (base 2) in base 8?
-6710
What is -310 (base 7) in base 2?
-10011010
9909 (base 10) to base 14
387b
Convert 5010 (base 15) to base 6.
210110
What is 1010010 (base 2) in base 6?
214
eb (base 16) to base 3
22201
-1044 (base 9) to base 4
-30001
1220 (base 5) to base 13
113
-13125 (base 11) to base 6
-222542
Convert -41324 (base 5) to base 16.
-a9a
What is 16452 (base 16) in base 14?
25358
Convert 5126 (base 10) to base 4.
1100012
What is -102153 (base 6) in base 8?
-20125
594 (base 10) to base 11
4a0
Convert -4304342 (base 5) to base 10.
-72472
What is -2520 (base 8) in base 7?
-3652
Convert -79 (base 11) to base 6.
-222
Convert 10001000101 (base 2) to base 11.
904
Convert 2846 (base 16) to base 11.
7823
Convert -1010244 (base 5) to base 2.
-11111111000100
441 (base 11) to base 15
254
Convert -10144 (base 7) to base 15.
-b07
1100100010 (base 2) to base 10
802
Convert 1440 (base 9) to base 13.
65a
-1010111101000 (base 2) to base 11
-4239
-71046 (base 9) to base 3
-2101001120
What is -26a (base 13) in base 5?
-3201
653 (base 7) to base 16
14c
100100001111 (base 2) to base 16
90f
What is 12404 (base 5) in base 15?
454
1324234 (base 5) to base 10
26819
Convert 3430 (base 15) to base 14.
406a
Convert -11101101101 (base 2) to base 8.
-3555
What is -41875 (base 10) in base 15?
-c61a
What is 1102210 (base 4) in base 6?
40244
Convert -9a50 (base 13) to base 14.
-7bba
What is -312102 (base 4) in base 11?
-2679
What is 21304 (base 5) in base 4?
112232
220246 (base 7) to base 2
1001011010010100
-315 (base 8) to base 14
-109
-45 (base 7) to base 11
-30
What is 20303 (base 5) in base 6?
10052
1533 (base 7) to base 16
264
What is 110001001110 (base 2) in base 16?
c4e
What is 3617 (base 8) in base 3?
2122200
Convert -1b21 (base 14) to base 11.
-3781
-3e5 (base 16) to base 8
-1745
Convert -1200100 (base 3) to base 8.
-2310
What is 172 (base 10) in base 11?
147
53 (base 12) to base 8
77
Convert 13013 (base 4) to base 11.
384
What is -192 (base 10) in base 5?
-1232
Convert 4202 (base 5) to base 12.
3a0
What is 234 (base 16) in base 11?
473
-1013300 (base 4) to base 9
-6262
What is 430131 (base 5) in base 12?
8414
What is 3273 (base 11) in base 8?
10333
20634 (base 7) to base 3
21000200
What is 2236 (base 16) in base 11?
6642
200 (base 16) to base 4
20000
-59b5 (base 14) to base 4
-3310123
What is -40163 (base 7) in base 2?
-10010111100010
What is -1936 (base 10) in base 5?
-30221
What is -25024 (base 6) in base 12?
-2174
What is 112303 (base 5) in base 6?
30514
What is 21432 (base 5) in base 11?
1137
What is 204 (base 10) in base 7?
411
What is -11001221 (base 3) in base 13?
-1474
-1211021102 (base 3) to base 8
-106121
What is -1f85 (base 16) in base 10?
-8069
Convert -33311 (base 4) to base 14.
-525
b49 (base 15) to base 16
9f0
-11222111 (base 3) to base 16
-e2f
What is -a63 (base 11) in base 15?
-5a4
-14240 (base 5) to base 15
-54a
What is -2312 (base 9) in base 13?
-a19
-1653 (base 12) to base 3
-10122100
2302441 (base 5) to base 8
120044
What is 3f39 (base 16) in base 12?
9449
334334 (base 5) to base 6
130500
What is -c130 (base 13) in base 10?
-26572
What is 30232 (base 5) in base 4?
132112
Convert c291 (base 14) to base 5.
2032242
-166b7 (base 13) to base 10
-42907
548 (base 10) to base 16
224
Convert 4e79 (base 15) to base 12.
9850
Convert -22033211 (base 4) to base 9.
-63488
Convert 93bb (base 12) to base 9.
24108
What is -13a0a (base 11) in base 13?
-9063
What is -569 (base 16) in base 15?
-625
-190e (base 16) to base 7
-24462
Convert -62827 (base 9) to base 13.
-15b71
Convert 1311 (base 10) to base 15.
5c6
Convert -e04 (base 16) to base 6.
-24340
What is 2001131 (base 4) in base 14?
303b
Convert f2a (base 16) to base 6.
25550
What is 23923 (base 10) in base 8?
56563
What is -4464 (base 14) in base 2?
-10111001001000
What is 13462 (base 10) in base 5?
412322
9035 (base 12) to base 8
36351
What is -134314 (base 5) in base 8?
-12720
-1146 (base 7) to base 16
-1aa
What is 200371 (base 8) in base 3?
10100020111
Convert 110531 (base 6) to base 5.
244041
Convert 950 (base 11) to base 13.
6a0
161 (base 10) to base 14
b7
What is 711 (base 8) in base 13?
292
Convert -21002 (base 7) to base 15.
-17d2
What is 1681 (base 9) in base 16?
508
161eb (base 15) to base 16
11699
-20742 (base 9) to base 8
-32637
What is -285 (base 14) in base 9?
-625
What is -13150 (base 6) in base 10?
-2010
What is 16400 (base 11) in base 14?
85cb
Convert 4142 (base 10) to base 15.
1362
What is -856b (base 12) in base 9?
-22052
What is 13010 (base 5) in base 2?
1111101101
What is -1c09 (base 16) in base 10?
-7177
Convert 1001 (base 7) to base 8.
530
-2304 (base 13) to base 15
-16c0
-12231 (base 4) to base 9
-526
-9258 (base 11) to base 7
-50546
What is -430 (base 9) in base 14?
-1b1
Convert -142420 (base 7) to base 10.
-27307
Convert 100110010101 (base 2) to base 8.
4625
1f7 (base 16) to base 12
35b
What is -553 (base 8) in base 6?
-1403
112202 (base 3) to base 6
1502
What is 42712 (base 11) in base 13?
2234b
What is 102211221 (base 3) in base 9?
12757
Convert -22253 (base 6) to base 7.
-12060
Convert -20222221 (base 3) to base 13.
-2425
What is 31a0 (base 13) in base 16?
1aea
7381 (base 10) to base 6
54101
Convert a7 (base 11) to base 9.
140
What is 24c (base 15) in base 7?
1344
What is -1100111101011 (base 2) in base 7?
-25226
Convert -5c77 (base 14) to base 3.
-211012011
What is -60 (base 12) in base 10?
-72
What is -11111 (base 4) in base 2?
-101010101
What is 4685 (base 10) in base 9?
6375
3132232 (base 4) to base 10
14254
What is -5138 (base 9) in base 13?
-1934
What is 657 (base 11) in base 7?
2204
Convert -1023032 (base 4) to base 8.
-11316
What is 364 (base 14) in base 13?
400
106546 (base 7) to base 15
5a14
What is -100320 (base 5) in base 8?
-6212
What is 1138 (base 11) in base 12?
a45
What is -525 (base 13) in base 8?
-1554
Convert -202022 (base 3) to base 11.
-459
What is 1512250 (base 6) in base 16?
15546
576 (base 11) to base 16
2b0
1120333 (base 5) to base 10
20093
104110 (base 5) to base 3
12000101
26a1b (base 12) to base 6
1050435
Convert 36761 (base 8) to base 11.
10a06
111011100110 (base 2) to base 12
225a
4401 (base 7) to base 11
11a7
What is 5225 (base 11) in base 3?
100111110
What is 24433 (base 5) in base 11?
1449
What is -23412 (base 5) in base 16?
-6c4
1485 (base 10) to base 16
5cd
282b (base 12) to base 5
122033
Convert -375 (base 13) to base 2.
-1001011011
What is 203 (base 13) in base 14?
1a5
-1161 (base 15) to base 11
-2856
What is 30350 (base 11) in base 16?
ad35
What is -4304 (base 5) in base 7?
-1455
Convert -3211 (base 5) to base 9.
-528
What is -21222122 (base 3) in base 7?
-22655
What is 6977 (base 14) in base 11?
12857
What is -453 (base 11) in base 13?
-329
Convert a1c5 (base 15) to base 3.
1201212012
What is -446464 (base 7) in base 16?
-1351c
Convert -7348 (base 9) to base 11.
-4060
Convert -23252 (base 6) to base 15.
-ece
Convert 884c (base 13) to base 3.
222001102
Convert 1107 (base 8) to base 6.
2411
Convert -94a (base 16) to base 7.
-6635
What is -2251 (base 8) in base 9?
-1565
Convert -7a5a (base 15) to base 8.
-62550
What is -31304 (base 6) in base 2?
-1000001111000
What is -283 (base 13) in base 8?
-675
Convert 774 (base 12) to base 11.
907
Convert 22131 (base 5) to b